{"id":4402,"date":"2023-03-23T12:12:59","date_gmt":"2023-03-23T12:12:59","guid":{"rendered":"https:\/\/leny.april8.org\/product\/frenk\/"},"modified":"2023-11-03T16:46:45","modified_gmt":"2023-11-03T16:46:45","slug":"frenk-ger","status":"publish","type":"product","link":"http:\/\/moto.leny.eu\/de\/produkt\/frenk-ger\/","title":{"rendered":"FRENK"},"content":{"rendered":"<p><strong>K\u00f6rpertyp:<\/strong> Alle, und diejenigen mit st\u00e4rkeren Beinen<\/p>\n<p><strong>Merkmale: <\/strong><\/p>\n<ul>\n<li>Weicher Stretchstoff, andere Stoffe aus 100 % Baumwolle<\/li>\n<li>H\u00f6her dehnbare, elastische Taille<\/li>\n<li>Breitere Hosenbeine, gerade vom Knie abw\u00e4rts<\/li>\n<li>6 Taschen (vorne schr\u00e4g, 2 seitlich, 2 hinten)<\/li>\n<li>YKK- oder GG-Rei\u00dfverschluss<\/li>\n<\/ul>\n<p><strong>Material und Pflege: <\/strong><\/p>\n<ul>\n<li>Zusammensetzung: 97 % Baumwolle und 3 % Elasthan oder 100 % Baumwolle (die Stoffzusammensetzung kann variieren, die genaue Zusammensetzung finden Sie auf dem Hosenetikett)<\/li>\n<li>Bei 30 <sup>\u00b0C<\/sup> waschen (Pflegehinweise sind auf das Hosenetikett gen\u00e4ht)<\/li>\n<\/ul>\n<p>&nbsp;<\/p>\n<p><strong>Hosenl\u00e4nge: <\/strong><\/p>\n<p>Die Standardabmessungen der Leny-Hosen finden Sie in der Tabelle. Um das perfekte Hosenpaar zu kaufen, empfehlen wir, die Abmessungen Ihrer Lieblingshosen zu messen und Ihre Ma\u00dfe in der Tabelle zu finden. Auf diese Weise werden Sie sicherlich die perfekten Leny-Hosen f\u00fcr sich selbst kaufen!<\/p>\n<p><a href=\"http:\/\/moto.leny.eu\/de\/individuelle-hosenlaenge\/\">https:\/\/www.leny.eu\/de\/individuelle-hosenlaenge\/<\/a><\/p>\n","protected":false},"excerpt":{"rendered":"<p>Ich bin Frenk, und einige Leute nennen mich Frenk Cargo. Ich bin daf\u00fcr bekannt, zus\u00e4tzliche Taschen an meinen Hosenbeinen zu haben. In ihnen steckt immer etwas Interessantes &#8211; von einer Bankkarte und einem Telefon bis hin zu Schraubenziehern und Snacks. W\u00e4hlen Sie mich, wenn Sie ein bequemes Modell mit breiteren Hosenbeinen m\u00f6chten. Die Taille ist hinten erh\u00f6ht, sodass das Spektrum meiner Nutzung sehr vielf\u00e4ltig ist. W\u00e4hlen Sie mich, wenn Sie Hosen f\u00fcr die Werkstatt oder eine Reise brauchen.<\/p>\n","protected":false},"featured_media":14606,"comment_status":"open","ping_status":"closed","template":"","meta":[],"product_brand":[],"product_cat":[195],"product_tag":[],"class_list":{"0":"post-4402","1":"product","2":"type-product","3":"status-publish","4":"has-post-thumbnail","6":"product_cat-herrenhosen","8":"first","9":"instock","10":"shipping-taxable","11":"purchasable","12":"product-type-variable","13":"has-default-attributes"},"jetpack_sharing_enabled":true,"_links":{"self":[{"href":"http:\/\/moto.leny.eu\/de\/wp-json\/wp\/v2\/product\/4402","targetHints":{"allow":["GET"]}}],"collection":[{"href":"http:\/\/moto.leny.eu\/de\/wp-json\/wp\/v2\/product"}],"about":[{"href":"http:\/\/moto.leny.eu\/de\/wp-json\/wp\/v2\/types\/product"}],"replies":[{"embeddable":true,"href":"http:\/\/moto.leny.eu\/de\/wp-json\/wp\/v2\/comments?post=4402"}],"wp:featuredmedia":[{"embeddable":true,"href":"http:\/\/moto.leny.eu\/de\/wp-json\/wp\/v2\/media\/14606"}],"wp:attachment":[{"href":"http:\/\/moto.leny.eu\/de\/wp-json\/wp\/v2\/media?parent=4402"}],"wp:term":[{"taxonomy":"product_brand","embeddable":true,"href":"http:\/\/moto.leny.eu\/de\/wp-json\/wp\/v2\/product_brand?post=4402"},{"taxonomy":"product_cat","embeddable":true,"href":"http:\/\/moto.leny.eu\/de\/wp-json\/wp\/v2\/product_cat?post=4402"},{"taxonomy":"product_tag","embeddable":true,"href":"http:\/\/moto.leny.eu\/de\/wp-json\/wp\/v2\/product_tag?post=4402"}],"curies":[{"name":"wp","href":"https:\/\/api.w.org\/{rel}","templated":true}]}}

<p><strong>Körpertyp:</strong> Alle, und diejenigen mit stärkeren Beinen</p>
<p><strong>Merkmale: </strong></p>
<ul>
<li>Weicher Stretchstoff, andere Stoffe aus 100 % Baumwolle</li>
<li>Höher dehnbare, elastische Taille</li>
<li>Breitere Hosenbeine, gerade vom Knie abwärts</li>
<li>6 Taschen (vorne schräg, 2 seitlich, 2 hinten)</li>
<li>YKK- oder GG-Reißverschluss</li>
</ul>
<p><strong>Material und Pflege: </strong></p>
<ul>
<li>Zusammensetzung: 97 % Baumwolle und 3 % Elasthan oder 100 % Baumwolle (die Stoffzusammensetzung kann variieren, die genaue Zusammensetzung finden Sie auf dem Hosenetikett)</li>
<li>Bei 30 <sup>°C</sup> waschen (Pflegehinweise sind auf das Hosenetikett genäht)</li>
</ul>
<p>&nbsp;</p>
<p><strong>Hosenlänge: </strong></p>
<p>Die Standardabmessungen der Leny-Hosen finden Sie in der Tabelle. Um das perfekte Hosenpaar zu kaufen, empfehlen wir, die Abmessungen Ihrer Lieblingshosen zu messen und Ihre Maße in der Tabelle zu finden. Auf diese Weise werden Sie sicherlich die perfekten Leny-Hosen für sich selbst kaufen!</p>
<p><a href="http://moto.leny.eu/de/individuelle-hosenlaenge/">https://www.leny.eu/de/individuelle-hosenlaenge/</a></p>

<p>Ich bin Frenk, und einige Leute nennen mich Frenk Cargo. Ich bin dafür bekannt, zusätzliche Taschen an meinen Hosenbeinen zu haben. In ihnen steckt immer etwas Interessantes &#8211; von einer Bankkarte und einem Telefon bis hin zu Schraubenziehern und Snacks. Wählen Sie mich, wenn Sie ein bequemes Modell mit breiteren Hosenbeinen möchten. Die Taille ist hinten erhöht, sodass das Spektrum meiner Nutzung sehr vielfältig ist. Wählen Sie mich, wenn Sie Hosen für die Werkstatt oder eine Reise brauchen.</p>
